actor of 1 and 7.
1
Calculate the highest common factor of 2276 and 4.
4
Calculate the highest common factor of 168 and 24.
24
What is the highest common divisor of 1937 and 156?
13
Calculate the greatest common divisor of 680 and 119.
17
Calculate the greatest common factor of 182 and 819.
91
What is the highest common factor of 588 and 4165?
49
What is the highest common divisor of 106 and 2862?
106
Calculate the highest common factor of 42 and 1134.
42
What is the greatest common factor of 970 and 60?
10
Calculate the greatest common divisor of 12980 and 1100.
220
Calculate the greatest common divisor of 1316 and 560.
28
Calculate the greatest common divisor of 182 and 104.
26
What is the greatest common divisor of 79 and 17854?
79
Calculate the greatest common divisor of 101 and 3131.
101
What is the highest common divisor of 11 and 187?
11
What is the highest common divisor of 204 and 3774?
102
What is the highest common factor of 8 and 1288?
8
What is the highest common factor of 10 and 65?
5
Calculate the highest common factor of 63 and 1044.
9
Calculate the highest common factor of 3 and 613.
1
What is the highest common factor of 1927 and 188?
47
What is the greatest common factor of 910 and 2100?
70
Calculate the greatest common factor of 1165 and 35.
5
Calculate the highest common factor of 145612 and 236.
236
Calculate the highest common divisor of 1595 and 2175.
145
Calculate the highest common factor of 728 and 312.
104
What is the highest common divisor of 141 and 3?
3
What is the highest common divisor of 7140 and 882?
42
Calculate the highest common factor of 15 and 1635.
15
Calculate the highest common divisor of 75 and 375.
75
What is the greatest common factor of 585 and 4485?
195
What is the greatest common divisor of 2104 and 8?
8
What is the highest common factor of 2466 and 36?
18
Calculate the highest common divisor of 30 and 4.
2
Calculate the greatest common factor of 21 and 2716.
7
Calculate the greatest common divisor of 368 and 1334.
46
What is the highest common factor of 411 and 7261?
137
What is the highest common divisor of 94 and 25897?
47
What is the greatest common factor of 7 and 4543?
7
What is the highest common factor of 22246 and 98?
98
What is the highest common factor of 266 and 41895?
133
What is the greatest common divisor of 14 and 1274?
14
Calculate the highest common factor of 250 and 10.
10
What is the greatest common divisor of 55 and 1595?
55
Calculate the greatest common factor of 42 and 931.
7
Calculate the highest common factor of 6574 and 380.
38
Calculate the highest common divisor of 3 and 199.
1
Calculate the greatest common divisor of 651 and 21.
21
What is the greatest common factor of 2366 and 28?
14
What is the highest common divisor of 21 and 63?
21
Calculate the highest common factor of 180 and 54.
18
Calculate the highest common factor of 1379 and 3743.
197
Calculate the greatest common divisor of 50 and 2700.
50
Calculate the greatest common divisor of 2325 and 75.
75
Calculate the greatest common factor of 605 and 33.
11
Calculate the greatest common factor of 1095 and 60.
15
Calculate the greatest common divisor of 380 and 19.
19
What is the highest common factor of 108 and 4239?
27
What is the greatest common factor of 23 and 1219?
23
Calculate the greatest common divisor of 360 and 108.
36
Calculate the highest common factor of 3100 and 40.
20
What is the highest common factor of 5405 and 5?
5
What is the highest common factor of 70 and 220?
10
What is the highest common factor of 114 and 22173?
57
What is the highest common factor of 7 and 10073?
7
Calculate the greatest common divisor of 205 and 35.
5
Calculate the greatest common divisor of 3876 and 57.
57
Calculate the greatest common divisor of 2484 and 24.
12
What is the highest common factor of 15 and 80?
5
Calculate the highest common divisor of 57 and 10849.
19
Calculate the highest common factor of 48 and 8424.
24
Calculate the highest common factor of 26 and 208.
26
Calculate the greatest common factor of 166 and 1.
1
Calculate the highest common divisor of 40 and 8.
8
What is the highest common factor of 403 and 62?
31
Calculate the highest common factor of 405 and 72.
9
What is the greatest common divisor of 5 and 305?
5
What is the greatest common divisor of 25487 and 154?
77
Calculate the greatest common factor of 38 and 7448.
38
Calculate the greatest common divisor of 44 and 428.
4
Calculate the highest common factor of 1456 and 4992.
208
What is the greatest common factor of 32 and 1728?
32
What is the greatest common factor of 320 and 40?
40
Calculate the highest common divisor of 164 and 9512.
164
What is the highest common factor of 48 and 156?
12
What is the greatest common divisor of 26 and 2028?
26
Calculate the highest common factor of 30 and 90.
30
Calculate the highest common divisor of 147 and 2548.
49
What is the highest common factor of 24 and 32?
8
Calculate the greatest common factor of 1680 and 580.
20
Calculate the highest common factor of 116 and 319.
29
Calculate the highest common divisor of 13797 and 27.
27
What is the greatest common divisor of 25 and 15?
5
Calculate the greatest common factor of 83 and 2241.
83
Calculate the greatest common divisor of 64 and 2.
2
What is the highest common divisor of 238 and 7420?
14
What is the highest common factor of 78 and 208?
26
What is the highest common divisor of 121 and 1430?
11
Calculate the highest common factor of 50 and 20.
10
What is the greatest common factor of 1408 and 242?
22
Calculate the highest common divisor of 27 and 144.
9
Calculate the highest common divisor of 2414 and 71.
71
What is the greatest common factor of 270 and 20?
10
What is the highest common divisor of 1222 and 282?
94
What is the highest common factor of 15092 and 44?
44
What is the greatest common divisor of 60 and 14540?
20
Calculate the greatest common divisor of 429 and 462.
33
What is the highest common factor of 126 and 2718?
18
Calculate the highest common divisor of 11 and 671.
11
Calculate the highest common divisor of 1026 and 38.
38
What is the greatest common factor of 82877 and 179?
179
What is the highest common divisor of 275 and 33?
11
Calculate the greatest common factor of 29 and 4031.
29
What is the greatest common divisor of 10856 and 368?
184
What is the highest common divisor of 3465 and 3003?
231
What is the highest common divisor of 4256 and 6272?
224
Calculate the highest common factor of 188 and 11938.
94
Calculate the highest common divisor of 126 and 3024.
126
Calculate the greatest common factor of 4 and 2.
2
Calculate the greatest common divisor of 930 and 30.
30
Calculate the greatest common divisor of 1750 and 375.
125
What is the highest common factor of 85 and 119?
17
Calculate the highest common divisor of 490 and 20.
10
What is the greatest common divisor of 4 and 9?
1
What is the highest common factor of 108 and 10314?
54
Calculate the highest common divisor of 84 and 1533.
21
Calculate the highest common divisor of 65 and 1235.
65
Calculate the greatest common factor of 30 and 250.
10
Calculate the greatest common divisor of 3798 and 72.
18
What is the highest common factor of 10520 and 80?
40
What is the highest common divisor of 3 and 201?
3
What is the greatest common divisor of 83 and 249?
83
What is the highest common factor of 171 and 63?
9
What is the highest common factor of 15 and 4845?
15
Calculate the highest common divisor of 20 and 585.
5
Calculate the highest common divisor of 491 and 1.
1
What is the highest common divisor of 1007 and 19?
19
What is the greatest common factor of 13734 and 54?
18
What is the greatest common divisor of 36 and 1332?
36
Calculate the highest common factor of 7 and 301.
7
Calculate the greatest common divisor of 48 and 744.
24
What is the greatest common factor of 861 and 1764?
21
What is the highest common factor of 3370 and 25?
5
Calculate the highest common divisor of 106 and 14.
2
Calculate the greatest common divisor of 21142 and 33.
11
Calculate the greatest common factor of 1121 and 177.
59
Calculate the highest common factor of 40 and 3830.
10
What is the greatest common divisor of 28 and 910?
14
Calculate the highest common factor of 12 and 108.
12
What is the greate